st the prime factors of h.
2, 3
Let y(q) = q**3 + 4*q**2 + 6*q + 6. Let p be y(-4). Let c be (5/((-15)/p))/(-1). Let a(m) = m**2 + 5*m - 1. List the prime factors of a(c).
5
Suppose 2*k - 16 = -2*a, 2*k - 22 = -3*a - a. Suppose 5*v - 23 = -a*b, 7 = b + 3*v - 2*v. Let i = b + -3. List the prime factors of i.
3
Let d(c) = -c - 4. Let n(i) = -i + 1. Let p be n(7). What are the prime factors of d(p)?
2
Suppose w = -3*w + 124. List the prime factors of w.
31
List the prime factors of -11 + 68 + 3*1.
2, 3, 5
Let p = -8 + 8. Suppose 5*i + 3*u - 35 = p, -i + 0*u - 3*u = 5. What are the prime factors of i?
2, 5
List the prime factors of (10 + -236)*(-2)/4.
113
Let b = -9 + 35. List the prime factors of b.
2, 13
Let a(x) = -x**3 - 6*x**2 + x + 1. Let b be a(-6). Let p = b + 5. Suppose p = -2*z + 6. What are the prime factors of z?
3
Let j be (-1)/(2 - 1) + 3. Let x(q) = j*q**2 + 5*q + q**2 - 1 - 4*q**2 + 4*q. What are the prime factors of x(6)?
17
Suppose -2*w + 40 = 5*h, -4*w + 55 = -w + 5*h. Suppose -2*s - 7 = 2*m + s, -5*s - 25 = 0. Suppose 25 = m*y - w. List the prime factors of y.
2, 5
Suppose 2*g + 21 - 175 = 3*j, -209 = -3*g - j. What are the prime factors of g?
71
Let r = -11 - -23. Let i be ((-3)/(-9))/(1/r). Suppose -i*p + 5*p - 16 = 0. What are the prime factors of p?
2
Suppose 77 = 3*v + 5*d - 6*d, -2*d = -2*v + 50. List the prime factors of v.
2, 13
Let p(q) = -2*q**3 + q**2 + 22*q - 10. Let x(w) = w**3 - w**2 - 11*w + 5. Suppose 5*v + 65 = -0*v. Let f(m) = v*x(m) - 6*p(m). List the prime factors of f(8).
19
Let o be ((-40)/(-12))/(2/39). Suppose 3*t - o = -2*t. List the prime factors of t.
13
Let o = -47 + 86. What are the prime factors of o?
3, 13
Suppose 202 = -2*t + 3*t. List the prime factors of t.
2, 101
Suppose -4*t + 24 = -0*t. What are the prime factors of t?
2, 3
Let v = 64 + -3. List the prime factors of v.
61
Let t = 8 - -10. What are the prime factors of t?
2, 3
Let r be -3*(0 + -1)*-1. What are the prime factors of 14*(-3)/18*r?
7
Let v(o) be the first derivative of o**4/4 - 2*o**3 - 7*o**2/2 + 3*o - 2. Let f be v(7). Suppose -3 - f = -c. List the prime factors of c.
2, 3
Suppose 0 = -3*l - 0*l + 30. Let i = 7 + l. List the prime factors of i.
17
What are the prime factors of 59 + 2 - 2 - 1?
2, 29
Let k(w) = w**3 + 6*w**2 + 6*w + 6. Let r be k(-5). Let b(m) = 20*m**3 - 1. What are the prime factors of b(r)?
19
Suppose -2*u + 2*h - 702 = -6*u, 3*h = -9. List the prime factors of u.
3, 59
Let v(j) = -j**2 - 9*j - 8. Let n(y) = -y**2 - 7*y - 6. Let z be n(-7). List the prime factors of v(z).
2, 5
Let u(i) = i + 1. Let p(a) = 12*a + 20. Let w(b) = p(b) - 16*u(b). What are the prime factors of w(-5)?
2, 3
Suppose l = 5*l - 1364. What are the prime factors of l?
11, 31
Suppose -2*q = q + 111. Let t = q + 54. Let v = -8 + t. List the prime factors of v.
3
Suppose 0 = 4*p + 7*z - 2*z - 97, z = -2*p + 41. List the prime factors of p.
2, 3
Let z = 133 - 37. Suppose 10*b - z = 7*b. List the prime factors of b.
2
Let o(y) = y + 1. Let q = 2 + 4. Let r be o(q). Let p = r + 3. What are the prime factors of p?
2, 5
Let t(b) = b**3 + 4*b**2 - 7*b - 3. Let u be t(-5). List the prime factors of ((0 - -1)*u)/1.
7
Let u(f) = -5*f**2 + 3*f + 1. Let t be u(3). List the prime factors of (-4*3)/(10/t).
2, 3, 7
Let q be (-6)/5*(-70)/21. Suppose 2*j - q*j + 32 = 0. List the prime factors of j.
2
Suppose -2*r + 0 = -j - 2, 2*r - 2*j = 6. Let u(a) = 21*a**2 - 2*a - 1. List the prime factors of u(r).
2, 11
Let t(h) = 3*h**2 - 3 + h + 4*h - 2*h. Let v be t(2). Let b = v + -2. List the prime factors of b.
13
Let k(u) = 2*u**2 - u + 1. Let z be k(2). Suppose 2*w + 160 = z*w. Suppose -w = -3*j - j. List the prime factors of j.
2
Let q = 4 - 0. Let n = -2 + q. What are the prime factors of n?
2
Let x = 23 + 4. List the prime factors of x.
3
Let t = 1 - -1. Suppose -j = -t*j - 3*v + 24, -5*j - 3*v = -84. What are the prime factors of j?
3, 5
Suppose 175 + 41 = 4*p. What are the prime factors of p?
2, 3
Let z be 7/3 - 1/3. Suppose 29 = 3*c - 2*q, -4*c = -6*c + q + 19. Let k = z + c. List the prime factors of k.
11
What are the prime factors of 20*(108/15 + -2)?
2, 13
Let p(b) = b**2 + 0*b**2 - 7*b + 2 + 7 + 0*b. Let a(z) = -z**2 - 5*z + 1. Let w be a(-3). List the prime factors of p(w).
3
Let o = -2 - -6. What are the prime factors of o?
2
Suppose -4*l - j + 61 = 0, 4*j + 46 - 2 = 2*l. What are the prime factors of l?
2
Suppose -4*h = -2*s + 6, -3*s - 5*h = -4*h - 9. What are the prime factors of s?
3
Let c(y) be the second derivative of -y**3/6 + 7*y**2 + 4*y. What are the prime factors of c(0)?
2, 7
Let z(s) = s**3 + 8*s**2 + 4. Let h be z(-8). Let j = -4 - -8. Suppose 0 = f - h - j. What are the prime factors of f?
2
Suppose 3*b - 3*c = 225, b - 4*c - 6 - 78 = 0. What are the prime factors of b?
2, 3
Suppose -5*s + 315 = -0*s. List the prime factors of s.
3, 7
Suppose -h - h + 58 = 0. List the prime factors of h.
29
Suppose -5*u - 4*v + 3*v = -175, 4*u - 146 = -2*v. What are the prime factors of u?
2, 17
Suppose -2*f = -2*c - 146, -6*f + 3*f = 5*c - 219. List the prime factors of f.
73
Let b(a) = -2 - 6*a**2 - 1 + 9*a**2 + 1. List the prime factors of b(2).
2, 5
Let w(b) = 8*b - 7. Let s be w(6). Let o = s + -25. What are the prime factors of o?
2
What are the prime factors of (-17)/((-28)/(-32) + -1)?
2, 17
Suppose -3*h - h + 32 = -4*u, 0 = h + 3*u. What are the prime factors of 6*4/9*h?
2
Let b(u) = u**2 - 5. Let a be b(4). Let o = a - 8. Suppose o = 2*v - 5, 3*x + 3*v = 45. What are the prime factors of x?
11
Let k(l) = -l**2 + 18*l - 15. What are the prime factors of k(17)?
2
Suppose -47 - 33 = -5*n. Let h = n + -10. List the prime factors of h.
2, 3
Let j = 27 + -22. Suppose 4*v + 2*i - 95 = j*i, -i = -3*v + 70. List the prime factors of v.
23
Let s = 67 - 41. List the prime factors of s.
2, 13
What are the prime factors of (-2 - -22)*(-51)/(-12)?
5, 17
What are the prime factors of 1/(-4) + (-2980)/(-16)?
2, 3, 31
Suppose -3*h = h - 20. Suppose h*s - 172 = 43. List the prime factors of s.
43
Let t(p) = -p**3 - 9*p**2 + 11*p + 14. Let f be t(-10). Let m = f + -2. Let w(s) = -s**3 + 4*s**2 - 1. What are the prime factors of w(m)?
7
Suppose -4*x - 655 = -3*u, -5*u + 816 = -2*x - 299. What are the prime factors of u?
3, 5
Suppose 2*n + 29 = -5*u + 1273, -5*n = 4*u - 1002. What are the prime factors of u?
2, 31
Let v(f) = 3*f**3 + 3*f**2 - f + 1. Let l be v(-3). List the prime factors of (10/4)/(-5)*l.
5
Suppose 0 = -2*r + 40 + 10. What are the prime factors of r?
5
Let r(g) be the first derivative of 8*g + 1/3*g**3 - 3 + 0*g**2. List the prime factors of r(0).
2
Let w = 285 + -69. What are the prime factors of w?
2, 3
Let b(j) = j. Let x be b(2). Suppose 2*y = -r + x, -1 = -5*r - 4*y + 3. List the prime factors of (3 + (r - -1))*1.
2
Let r(b) = b - 4. Let c be r(4). Suppose 2*x = l + 5, c*l - 4*l = -2*x + 8. What are the prime factors of x?
2
Suppose 4*d + 11 = q, -4*q = q + d - 13. Suppose q*s - 43 = -k, 0 = s + s - 4*k - 38. What are the prime factors of s?
3, 5
Let t(q) = 5 + 1 + 7*q - 4*q. List the prime factors of t(5).
3, 7
Suppose -2*y + 5 = -y. Let x = -2 + y. Suppose 5*a = -5*i + 25, 4 = 2*a + x*i - 9. What are the prime factors of a?
2
Let t(r) = 9*r**2 + r + 1. Let p be t(-1). Let i(o) = 2. Let c(z) = 2*z - 22. Let q(m) = c(m) + 8*i(m). List the prime factors of q(p).
2, 3
What are the prime factors of (-1*1)/(2/(-146))?
73
Let z(m) = 5*m**2 - 17*m + 8. What are the prime factors of z(7)?
2, 67
Let p(u) = u**3 + 13*u**2 + 7. Let q be p(-13). Let o(n) = n**3 - 6*n**2 + n - 6. List the prime factors of o(q).
2, 5
Let l = 4 + -2. Let i = l + 20. Suppose -2*n - 2 + i = 0. List the prime factors of n.
2, 5
Suppose -3*d + i + 1358 = 2*d, 4*d = 5*i + 1099. List the prime factors of d.
271
Suppose -3*g + 7 + 11 = 0. Suppose -4*i + 56 = g*b - 2*b, -2*b - 56 = -4*i. What are the prime factors of i?
2, 7
Let v(d) be the second derivative of d**4/12 + 3*d**2/2 - 2*d. Let a be v(-4). Suppose -3*t = -a - 5. What are the prime factors of t?
2
Suppose -4*m + 9 = -3. Suppose -m*y = -17 - 31. What are the prime factors of y?
2
Suppose -3*u + 225 = 5*a, 4*a + 2*u = -0*u + 178. Suppose -a = -4*i + t, 0 = -i + 3*t + 1 + 4. What are the prime factors of i?
11
Sup